is divided by 69384?
0
What is the remainder when 17681 is divided by 311?
265
What is the remainder when 1031 is divided by 112?
23
What is the remainder when 979 is divided by 110?
99
What is the remainder when 48139 is divided by 2?
1
Calculate the remainder when 34376 is divided by 12.
8
Calculate the remainder when 59338 is divided by 26.
6
Calculate the remainder when 23061 is divided by 3825.
111
Calculate the remainder when 9079 is divided by 239.
236
What is the remainder when 52552 is divided by 584?
576
Calculate the remainder when 11758 is divided by 57.
16
What is the remainder when 14467 is divided by 4812?
31
Calculate the remainder when 3785 is divided by 1536.
713
Calculate the remainder when 7929 is divided by 65.
64
What is the remainder when 937803 is divided by 37?
1
Calculate the remainder when 1387 is divided by 245.
162
What is the remainder when 72 is divided by 51?
21
Calculate the remainder when 2024 is divided by 39.
35
What is the remainder when 36736 is divided by 395?
1
What is the remainder when 246385 is divided by 31?
28
Calculate the remainder when 6182 is divided by 3060.
62
What is the remainder when 3789 is divided by 197?
46
Calculate the remainder when 43166 is divided by 3923.
13
What is the remainder when 13427 is divided by 6682?
63
Calculate the remainder when 2042 is divided by 36.
26
Calculate the remainder when 15817 is divided by 1261.
685
What is the remainder when 2671 is divided by 172?
91
What is the remainder when 44436 is divided by 677?
431
Calculate the remainder when 125199 is divided by 3912.
15
What is the remainder when 1388 is divided by 191?
51
What is the remainder when 1361 is divided by 458?
445
Calculate the remainder when 6034806 is divided by 104.
102
What is the remainder when 1283736 is divided by 17?
15
Calculate the remainder when 1880 is divided by 538.
266
Calculate the remainder when 1730 is divided by 46.
28
Calculate the remainder when 83163 is divided by 169.
15
Calculate the remainder when 61317 is divided by 131.
9
Calculate the remainder when 27517 is divided by 80.
77
What is the remainder when 1609 is divided by 1073?
536
Calculate the remainder when 224487 is divided by 105.
102
What is the remainder when 256266 is divided by 16?
10
Calculate the remainder when 53755 is divided by 85.
35
What is the remainder when 2097117 is divided by 8?
5
Calculate the remainder when 1086406 is divided by 191.
189
What is the remainder when 61147 is divided by 392?
387
Calculate the remainder when 13763 is divided by 4560.
83
What is the remainder when 13125 is divided by 13120?
5
Calculate the remainder when 12269 is divided by 2038.
41
What is the remainder when 24631 is divided by 28?
19
What is the remainder when 39315 is divided by 14?
3
What is the remainder when 9645 is divided by 9565?
80
Calculate the remainder when 17236 is divided by 1723.
6
Calculate the remainder when 237489 is divided by 23747.
19
What is the remainder when 310366 is divided by 28?
14
What is the remainder when 84296 is divided by 328?
0
Calculate the remainder when 27776 is divided by 95.
36
What is the remainder when 3554 is divided by 163?
131
Calculate the remainder when 517 is divided by 220.
77
Calculate the remainder when 13502 is divided by 23.
1
Calculate the remainder when 780995 is divided by 663.
644
What is the remainder when 23226 is divided by 5802?
18
Calculate the remainder when 30063 is divided by 1725.
738
What is the remainder when 5665 is divided by 227?
217
Calculate the remainder when 42890 is divided by 112.
106
What is the remainder when 5723 is divided by 696?
155
Calculate the remainder when 18306 is divided by 21.
15
What is the remainder when 7119 is divided by 311?
277
Calculate the remainder when 63995 is divided by 801.
716
Calculate the remainder when 428747 is divided by 50.
47
What is the remainder when 27179 is divided by 254?
1
Calculate the remainder when 8568 is divided by 1071.
0
What is the remainder when 194140 is divided by 54?
10
Calculate the remainder when 7357 is divided by 15.
7
Calculate the remainder when 25846 is divided by 110.
106
Calculate the remainder when 1853 is divided by 618.
617
What is the remainder when 658067 is divided by 17?
14
Calculate the remainder when 3440 is divided by 347.
317
Calculate the remainder when 2313 is divided by 255.
18
Calculate the remainder when 2590278 is divided by 35.
33
What is the remainder when 247792 is divided by 1180?
1172
What is the remainder when 4885568 is divided by 403?
402
Calculate the remainder when 931 is divided by 190.
171
What is the remainder when 10930 is divided by 84?
10
What is the remainder when 26441 is divided by 226?
225
Calculate the remainder when 2527 is divided by 2499.
28
What is the remainder when 335725 is divided by 9?
7
Calculate the remainder when 3946 is divided by 3569.
377
What is the remainder when 7463 is divided by 465?
23
Calculate the remainder when 202055 is divided by 452.
11
Calculate the remainder when 54464 is divided by 92.
0
What is the remainder when 942 is divided by 68?
58
What is the remainder when 35557 is divided by 645?
82
What is the remainder when 369052 is divided by 53?
13
What is the remainder when 872 is divided by 213?
20
What is the remainder when 102402 is divided by 236?
214
What is the remainder when 9920 is divided by 148?
4
Calculate the remainder when 2170 is divided by 748.
674
What is the remainder when 22969 is divided by 882?
37
What is the remainder when 30567 is divided by 30537?
30
What is the remainder when 1447488 is divided by 6?
0
What is the remainder when 14117 is divided by 3522?
29
Calculate the remainder when 1767 is divided by 101.
50
Calculate the remainder when 813 is divided by 210.
183
What is the remainder when 27875 is divided by 6962?
27
Calculate the remainder when 42603 is divided by 761.
748
Calculate the remainder when 2061 is divided by 2056.
5
What is the remainder when 55920 is divided by 3716?
180
What is the remainder when 1049 is divided by 246?
65
Calculate the remainder when 5600 is divided by 249.
122
Calculate the remainder when 17758 is divided by 153.
10
Calculate the remainder when 277037 is divided by 258.
203
What is the remainder when 589682 is divided by 19?
17
What is the remainder when 5664 is divided by 390?
204
What is the remainder when 5022 is divided by 847?
787
Calculate the remainder when 79534 is divided by 7228.
26
What is the remainder when 11080 is divided by 1024?
840
What is the remainder when 9241 is divided by 3072?
25
What is the remainder when 56382 is divided by 371?
361
What is the remainder when 20386 is divided by 6768?
82
Calculate the remainder when 7607 is divided by 287.
145
What is the remainder when 19577 is divided by 22?
19
What is the remainder when 1890 is divided by 1227?
663
Calculate the remainder when 157256 is divided by 52414.
14
Calculate the remainder when 4579 is divided by 1314.
637
Calculate the remainder when 21776 is divided by 191.
2
What is the remainder when 10095 is divided by 480?
15
Calculate the remainder when 828 is divided by 24.
12
What is the remainder when 204877 is divided by 15?
7
What is the remainder when 2584 is divided by 19?
0
What is the remainder when 90991 is divided by 364?
355
What is the remainder when 453898 is divided by 17?
15
What is the remainder when 11985 is divided by 12?
9
What is the remainder when 57289 is divided by 2283?
214
Calculate the remainder when 10790 is divided by 100.
90
What is the remainder when 2733 is divided by 294?
87
Calculate the remainder when 100306 is divided by 12538.
2
Calculate the remainder when 1137 is divided by 201.
132
Calculate the remainder when 248157 is divided by 705.
702
What is the remainder when 629 is divided by 38?
21
What is the remainder when 36330 is divided by 12097?
39
Calculate the remainder when 13501 is divided by 755.
666
What is the remainder when 21489 is divided by 5361?
45
What is the remainder when 4638 is divided by 2216?
206
Calculate the remainder when 3106349 is divided by 885.
884
What is the remainder when 257334 is divided by 10293?
9
Calculate the remainder when 1270 is divided by 928.
342
Calculate the remainder when 86921 is divided by 48.
